*y + p = 2. What is the units digit of y?
3
Let a(h) = 3*h + 49. Suppose 0 = -3*n + 11*n. What is the units digit of a(n)?
9
Let n = 43 - 30. What is the units digit of n?
3
Let t = 14 + -8. Suppose i - 10 = t. What is the units digit of i/64*1*20?
5
Suppose 3*j = -2*j - 15, 4*j = -2*o + 542. What is the units digit of o?
7
Let f(n) be the third derivative of n**4/8 - n**3 - n**2. Suppose 0 = 6*o - 36 + 12. What is the units digit of f(o)?
6
Suppose 0 = 4*b - 2*s - 412, 82 = b - s - 22. Let h = 173 + -171. Suppose -b = -h*q - q. What is the units digit of q?
4
Suppose 1136 - 252 = 4*h. Let r = -66 + h. What is the units digit of r?
5
Let f(n) = n**2 - 17*n - 19. Let v(g) = -g + 18. Let k be v(0). Let x be f(k). What is the units digit of (-15*(-3 + 5))/x?
0
Let w be (-7)/(28/(-8)) + 1*554. Suppose -12*s + 968 = -w. What is the units digit of s?
7
Let c = 18 - 15. Suppose -a - 4*f - 9 = 0, 5*a = -c*f - 2*f + 30. Let j(x) = x**3 - 10*x**2 - 9*x + 6. What is the tens digit of j(a)?
2
Suppose 2*y + 11 = -y - 5*l, 5 = -5*l. Suppose 5*r - 52 = r. What is the units digit of r/(((-6)/y)/3)?
3
Let b be 6/(-14) + (-20)/35. Let r be (b/2)/(2/12). What is the units digit of (530/30)/((-1)/r)?
3
Suppose 0 = 8*x - 6*x - 34. Let b be (-16)/(-6)*72/(-16). Let g = b + x. What is the units digit of g?
5
Suppose -d + 3*o + 9 = 2*d, 5*d = 2*o + 3. What is the tens digit of 8/d*(-16 + 10)?
4
Suppose j - 2517 = 43. Suppose -j = -12*p + 2*p. What is the tens digit of p?
5
Let g = 287 + -188. What is the tens digit of g?
9
Let b(s) = -s - 4. Let n(x) = x**3 - 7*x**2 - 7. Let h be n(7). Let p be b(h). Suppose 0*v + p*v - 81 = 0. What is the units digit of v?
7
Suppose 3*k = 4*p + 203, -5*k + 137 = 2*p - 184. Suppose -2*i - 10 = 0, -5*b + 30 = 4*i - k. What is the tens digit of b?
2
Suppose 2*n - 2*a = -4*a + 758, -4*n + 1522 = a. What is the hundreds digit of n?
3
Suppose 0 = 13*n - 65*n + 884. Let j = -13 + 25. Suppose j = -d + n. What is the units digit of d?
5
Let i(m) = -m. Let n(t) = t - 1. Let k(s) = -4*i(s) - n(s). Let b be k(-1). What is the units digit of (1/b)/((-4)/8)?
1
Suppose n = -2 - 1. Let d be (-2)/n - (-813)/9. Suppose 0 = 3*j + 5*i + 15 - d, 4*j - 113 = 5*i. What is the units digit of j?
7
What is the hundreds digit of 6/(6/18456*4)?
6
Suppose 0 = 126*q - 118*q - 3200. What is the units digit of q?
0
Suppose 0 = -5*z - 4*s + 47, -s = 2*z + 3*s - 26. Let k(y) = 2*y**2 - 6 - 3*y**2 - y**3 + y + 8*y**2. What is the units digit of k(z)?
1
Let u = -2011 + 3679. What is the hundreds digit of u?
6
Let h = 2372 - 1916. What is the tens digit of h?
5
Suppose t - 26 + 23 = 0. What is the hundreds digit of ((-550)/(-6))/(1/t)?
2
Let d(a) = -a**3 + 3*a**2 + 19*a - 4. Let g be d(6). Suppose -5 = -g*i + 29. What is the units digit of i?
7
Let j = -18 + 23. Suppose i = y - 94, -j*i - 258 - 121 = -4*y. Suppose 3*v = -10 + y. What is the units digit of v?
7
Let a(s) = -s**3 - 4*s**2 + s + 4. Let m be a(-4). Let q be (-51)/(((-45)/6)/5). Suppose m*u = -2*u + q. What is the units digit of u?
7
Let g(n) = -9*n**3 + 20*n**2 + 67*n + 8. What is the hundreds digit of g(-5)?
2
Let b(i) = -245*i + 118. What is the hundreds digit of b(-7)?
8
Let s be (32/(-6))/((-4)/6). Suppose -s = -6*o + 2*o. Suppose -7 - 9 = 4*y, 0 = -2*x + o*y + 38. What is the units digit of x?
5
Suppose -2*q + 6 = 2*b, -2*b + 5*q - 11 = -5*b. Suppose b*f - 3*f + 126 = 0. What is the hundreds digit of f?
1
What is the tens digit of 6*3412/72*6?
0
Let d(g) be the third derivative of -5*g**6/8 + g**4/12 - g**3/3 - 7*g**2. Let v be d(1). Let l = 130 + v. What is the tens digit of l?
5
Suppose 3*g + 12 = 0, -4*z + 3*g + 49 + 19 = 0. Let k be 4/z - 182/(-49). Suppose 5*p = -2*m + p + 24, -p - 21 = -k*m. What is the units digit of m?
6
Let r(k) be the first derivative of k**3 - k + 2. Let z(b) = -5*b + 17. Let w be z(3). What is the tens digit of r(w)?
1
Let m = 17 - 12. Suppose -m*b + 573 = 193. Suppose -n = -3*n + b. What is the tens digit of n?
3
Let q(w) = -22*w + 36. Let u be q(-12). Let t = u + -74. What is the units digit of t?
6
Let j be (2 + 0)*(12 - 2). What is the tens digit of (-4)/(j/(-255)) + 3?
5
Suppose 14*q + 3643 = 9663. What is the hundreds digit of q?
4
Suppose -59296 + 188968 = 72*b. What is the tens digit of b?
0
Let j(w) = -17*w + 22. Suppose 5*y - 2*x = 5 - 22, -2*x - 23 = 3*y. What is the tens digit of j(y)?
0
What is the thousands digit of 1615790/550 - 1/(-5)?
2
Let t be (2 - 10)*6/12. Let h be 55/(-77) + t/14. Let c = 21 - h. What is the tens digit of c?
2
What is the units digit of -3 + 44/14 - 66747/(-133)?
2
Let p be 6/18 - (-13)/(-3). What is the tens digit of 2*(6 + p) + 47?
5
Let q(j) = -2*j - 4. Suppose 0 = 5*g + 22 - 7. Let r be q(g). Suppose 16 = -r*p + 126. What is the tens digit of p?
5
Let x = -540 + 971. What is the hundreds digit of x?
4
Let n(w) = w**3 - 22*w**2 + 68*w - 46. What is the thousands digit of n(24)?
2
Suppose 48*v - 58408 = 20*v. What is the thousands digit of v?
2
Let o(j) = j**3 + 25*j**2 - 15*j - 94. What is the hundreds digit of o(-25)?
2
Let k(s) = 0 - s**2 + 1 + 2 + 14*s - 4. Let g be k(14). Let m = g - -9. What is the units digit of m?
8
Let f(w) = 3*w**2 + 3*w + 7. Let q be f(-3). Let h = q - 18. What is the units digit of h?
7
Let o = -24 - -26. Let h(x) = 9*x**2 - x + 2. What is the tens digit of h(o)?
3
Let f = 1194 + -810. What is the hundreds digit of f?
3
Let c be (0 + -1)/(2/(-20)). Let j = 649 + -433. What is the units digit of j/c - 3/5?
1
Let v = 1543 - -975. What is the units digit of v?
8
Let l = -63 + 151. Let y = l - 44. What is the units digit of (2/(-4))/((-2)/y)?
1
Let f = 19 - -7. Suppose f = -5*n - 19. Let l(o) = o**2 + 7*o - 11. What is the units digit of l(n)?
7
Let q(j) = 7*j + 15. What is the tens digit of q(24)?
8
Let l(i) = -i**2 + 6*i - 6. Let p be l(8). Let b = p + 17. What is the units digit of 4 + (-2 - b) + -3?
4
Let p = 32 - 6. What is the tens digit of p*(15/(-10))/((-6)/22)?
4
Let m(h) = -h**3 - 5*h**2 + 8*h + 20. What is the hundreds digit of m(-9)?
2
Let t(w) = w**3 - 13*w**2 - 25*w - 17. What is the tens digit of t(15)?
5
What is the thousands digit of ((-5894)/6)/(((-153)/27)/17)?
2
Let a be (-390)/(-14) - 3/(-21). Let o be ((-7)/4)/(1/a). Let q = o - -81. What is the tens digit of q?
3
Suppose -3*r + 3 = 3*m, 0*m + 3*m = -2*r + 8. Suppose -m*i = -133 - 431. What is the units digit of i?
4
Let s = -21 + 45. Suppose 2*w + s = 5*w. Let k = w - 1. What is the units digit of k?
7
Suppose -92*u + 258 = -86*u. What is the units digit of u?
3
Let z(t) = 7*t**2 - 5*t - 18. What is the hundreds digit of z(11)?
7
Let n(f) = -6 - 84*f + 96*f + f**3 - 2*f**2 - 11 - 6*f**2. What is the tens digit of n(7)?
1
Suppose -23*g = -27*g - 4*s + 1204, 297 = g - 3*s. What is the units digit of g?
0
Let z(u) = 13*u + 30. Let k be z(-5). Let d = k + 44. What is the units digit of d?
9
Suppose 4*q = 4*b + 7228, 241 + 1563 = q - 4*b. What is the tens digit of q?
0
Let w(s) = 2*s**2 - 3*s - 4. Suppose 4*x = 5*x. Let a = x - -3. What is the units digit of w(a)?
5
Let g(k) = 32*k**2 - 4*k + 4. Let x be g(2). Let t = x - 69. What is the tens digit of t?
5
Let j = -236 + 1205. What is the hundreds digit of j?
9
Suppose -3*b + 4930 = -4*p - 9161, 0 = 2*p + 6. What is the thousands digit of b?
4
Suppose -5*a + 6 = -q, 0*q + 1 = 3*a + 2*q. Let t be (-76)/(-4)*(1 + 1). Suppose a + t = 3*o. What is the tens digit of o?
1
Suppose -2*s + 43180 = 18*s. What is the tens digit of s?
5
Suppose -2481 = -2*x - 0*x - 5*r, r - 1248 = -x. What is the tens digit of x?
5
Suppose k = -5*h - 665, 4*h + 302 = 4*k - 206. Let v = h + 209. What is the tens digit of v?
7
Suppose -15*f + 48 = -7*f. Suppose -4*c = u - 10, 0 = 3*u - f*u - c + 41. What is the tens digit of u?
1
Let b(f) = f**2 - 14*f + 16. Let s be b(13). Let w(j) = 8*j**3 + s - 6*j**2 + 10*j**2 - 7*j**2 - j. What is the tens digit of w(2)?
5
Let m(t) = 6*t**2 - t - 2. Let z be m(3). Let p be z/14*(1 - -1). Let y(v) = -v**3 + 7*v**2 + 2*v. What is the tens digit of y(p)?
1
Suppose -2*q + 2062 = -568. What is the hundreds digit of q?
3
Suppose -2*o = -3*o. Suppose o = -2*f - 0 + 8. Suppose 0*v - 8 = -f*v. What is the units digit of v?
2
Let k(j) be the first derivative of 4*j**3/3 + j**2/2 + 15*j - 